True
Does 42 divide 519655?
False
Is 10038499 a multiple of 22?
False
Does 881 divide 6130206?
False
Is 27 a factor of 8518716?
True
Is 6468952 a multiple of 497?
True
Does 24 divide 152544?
True
Is 78 a factor of 179946?
True
Is 13 a factor of 23566?
False
Is 132 a factor of 635841?
False
Does 25 divide 376870?
False
Is 631 a factor of 871341?
False
Is 18 a factor of 19000800?
True
Is 1580999 a multiple of 43?
False
Is 265152 a multiple of 16?
True
Is 1894899 a multiple of 267?
True
Does 97 divide 4676?
False
Is 61 a factor of 224846?
True
Is 41 a factor of 3176919?
False
Does 16 divide 942368?
True
Is 15746594 a multiple of 137?
False
Does 53 divide 2400599?
False
Is 364 a factor of 9581936?
True
Does 207 divide 1357414?
False
Does 312 divide 96272?
False
Is 6 a factor of 103677?
False
Is 384691 a multiple of 572?
False
Is 13 a factor of 93475?
False
Is 19020 a multiple of 634?
True
Is 183 a factor of 1169919?
True
Is 20 a factor of 112680?
True
Does 237 divide 487983?
True
Is 42 a factor of 16517072?
False
Is 46905 a multiple of 195?
False
Does 24 divide 5552444?
False
Is 279440 a multiple of 326?
False
Is 5129488 a multiple of 52?
True
Is 6 a factor of 6401542?
False
Does 143 divide 54912?
True
Is 59436 a multiple of 117?
True
Is 130 a factor of 406820?
False
Is 7 a factor of 60243?
False
Does 14 divide 109536?
True
Is 80 a factor of 5557121?
False
Is 15 a factor of 603915?
True
Is 189853 a multiple of 3?
False
Is 1433210 a multiple of 295?
False
Does 8 divide 428281?
False
Is 16651440 a multiple of 40?
True
Is 229053 a multiple of 363?
True
Does 383 divide 374962?
False
Is 62 a factor of 214954?
True
Is 426 a factor of 220844?
False
Is 1022688 a multiple of 477?
True
Is 78184 a multiple of 29?
True
Does 21 divide 72345?
True
Is 8816 a multiple of 43?
False
Is 166 a factor of 92130?
True
Is 1201163 a multiple of 8?
False
Does 13 divide 391980?
False
Is 3141994 a multiple of 82?
True
Is 12 a factor of 10578816?
True
Is 179 a factor of 1456?
False
Does 8 divide 263704?
True
Is 796556 a multiple of 47?
True
Is 48 a factor of 408847?
False
Does 106 divide 5146958?
False
Does 467 divide 1484126?
True
Is 35494 a multiple of 12?
False
Is 214 a factor of 5960204?
False
Is 441218 a multiple of 683?
True
Is 11 a factor of 3509?
True
Does 8 divide 380123?
False
Is 14485 a multiple of 756?
False
Is 15121 a multiple of 5?
False
Does 103 divide 40611?
False
Does 17 divide 331289?
False
Is 40051 a multiple of 21?
False
Does 20 divide 80453?
False
Is 3 a factor of 79896?
True
Is 11878092 a multiple of 36?
True
Is 36 a factor of 392508?
True
Is 290291 a multiple of 31?
False
Is 53 a factor of 165378?
False
Does 12 divide 884894?
False
Does 8 divide 351788?
False
Is 38 a factor of 271890?
True
Does 29 divide 754888?
False
Is 779 a factor of 1314805?
False
Is 6025000 a multiple of 23?
False
Is 4 a factor of 4911324?
True
Is 39 a factor of 958602?
False
Is 2 a factor of 783634?
True
Is 3324502 a multiple of 31?
True
Is 59 a factor of 714549?
True
Is 530272 a multiple of 2?
True
Does 208 divide 97938?
False
Does 13 divide 21333?
True
Does 43 divide 13026549?
True
Is 29 a factor of 22185?
True
Is 20189 a multiple of 115?
False
Is 5 a factor of 261890?
True
Does 15 divide 842385?
True
Is 24913546 a multiple of 613?
True
Is 36 a factor of 68544?
True
Is 37677 a multiple of 57?
True
Is 27 a factor of 721392?
False
Does 283 divide 381517?
False
Is 21 a factor of 160671?
True
Is 67251 a multiple of 31?
False
Is 18168 a multiple of 47?
False
Does 109 divide 1505072?
True
Is 155180 a multiple of 31?
False
Is 138 a factor of 3599040?
True
Is 63 a factor of 340830?
True
Is 303 a factor of 847188?
True
Is 45968 a multiple of 2?
True
Is 7 a factor of 14182?
True
Does 44 divide 1493052?
True
Does 695 divide 5463942?
False
Is 46 a factor of 4004254?
True
Is 899572 a multiple of 34?
True
Does 172 divide 145856?
True
Is 38916 a multiple of 47?
True
Does 3 divide 1159992?
True
Does 524 divide 209600?
True
Does 189 divide 7142877?
True
Is 90 a factor of 223920?
True
Is 2715613 a multiple of 397?
False
Is 1570281 a multiple of 44?
False
Is 153 a factor of 1315359?
False
Is 8 a factor of 639039?
False
Is 263 a factor of 356628?
True
Is 19 a factor of 301053?
False
Is 28314 a multiple of 13?
True
Does 504 divide 6277377?
False
Does 398 divide 577896?
True
Is 55 a factor of 23375?
True
Does 10 divide 2057433?
False
Is 1031122 a multiple of 7?
False
Is 65 a factor of 512777?
False
Is 374514 a multiple of 37?
True
Is 38 a factor of 420394?
True
Is 60 a factor of 3839692?
False
Is 1810176 a multiple of 208?
False
Does 541 divide 3370971?
True
Is 47 a factor of 517893?
True
Is 1174 a factor of 22905980?
False
Is 7 a factor of 62913?
False
Is 63054 a multiple of 9?
True
Is 112 a factor of 209087?
False
Is 46 a factor of 2785092?
False
Is 68 a factor of 2191008?
False
Is 147865 a multiple of 75?
False
Does 13 divide 260174?
False
Is 201912 a multiple of 103?
False
Does 13 divide 332878?
True
Is 744336 a multiple of 54?
True
Does 9 divide 233087?
False
Does 795 divide 888836?
False
Does 51 divide 300969?
False
Is 9 a factor of 1611810?
True
Does 108 divide 770256?
True
Is 23950 a multiple of 10?
True
Is 486 a factor of 1959487?
False
Does 313 divide 2642972?
True
Is 103 a factor of 187048?
True
Is 102 a factor of 324866?
False
Is 503866 a multiple of 619?
True
Does 20 divide 437980?
True
Is 18 a factor of 49932?
True
Is 291 a factor of 1155373?
False
Does 6 divide 63942?
True
Is 649 a factor of 2408603?
False
Is 17 a factor of 774809?
True
Is 220753 a multiple of 894?
False
Is 702 a factor of 1586683?
False
Is 570200 a multiple of 166?
False
Is 27 a factor of 3126744?
False
Does 5 divide 131784?
False
Is 1156849 a multiple of 8?
False
Is 47 a factor of 109698?
True
Is 136 a factor of 1451878?
False
Does 48 divide 112424?
False
Does 22 divide 77307?
False
Does 73 divide 255370?
False
Does 51 divide 219198?
True
Does 6 divide 5867?
False
Is 813 a factor of 2180466?
True
Is 131 a factor of 752726?
True
Does 34 divide 10364118?
True
Is 268 a factor of 613720?
True
Is 494 a factor of 1149538?
True
Is 194 a factor of 705831?
False
Does 24 divide 953049?
False
Is 79 a factor of 157763?
True
Is 556114 a multiple of 6?
False
Is 226 a factor of 217411?
False
Is 6341973 a multiple of 33?
True
Is 876134 a multiple of 8?
False
Is 7 a factor of 256693?
False
Is 25 a factor of 362458?
False
Is 13 a factor of 64644?
False
Is 32446 a multiple of 3?
False
Does 102 divide 675813?
False
Does 350 divide 772100?
True
Is 10 a factor of 182870?
True
Does 14 divide 452676?
True
Is 3 a factor of 237210?
True
Does 90 divide 108450?
True
Is 122 a factor of 217770?
True
Does 15 divide 10916?
False
Does 1057 divide 4728627?
False
Does 22 divide 18878961?
False
Does 25 divide 11281150?
True
Is 8 a factor of 416176?
True
Does 11 divide 22715?
True
Is 484 a factor of 130196?
True
Does 633 divide 147486?
False
Is 280917 a multiple of 343?
True
Is 3841684 a multiple of 301?
False
Is 1307 a factor of 2172234?
True
Is 13 a factor of 6731952?
False
Does 2 divide 29131?
False
Is 686 a factor of 9448331?
False
Is 73 a factor of 71832?
True
Is 364310 a multiple of 10?
True
Is 763035 a multiple of 41?
False
Is 23 a factor of 192165?
True
Is 576579 a multiple of 12?
False
Is 141504 a multiple of 5?
False
Is 402387 a multiple of 51?
False
Does 186 divide 122040?
False
Is 1398 a multiple of 6?
True
Does 7 divide 908530?
True
Is 489130 a multiple of 82?
True
Is 314 a factor of 4628476?
False
Is 624078 a multiple of 42?
True
Is 117057 a multiple of 63?
False
Is 4 a factor of 97920?
True
Is 26 a factor of 133328?
True
Is 501 a multiple of 238?
False
Is 1233787 a multiple of 888?
False
Is 368207 a multiple of 379?
False
Does 11 divide 21007261?
True
Is 67 a factor of 9789801?
False
Is 1062850 a multiple of 733?
True
Is 53 a factor of 7106183?
False
Is 625094 a multiple of 127?
True
Does 9 divide 5462943?
False
Is 533052 a multiple of 52?
True
Does 122 divide 128832?
True
Is 110 a factor of 3282070?
True
Does 70 divide 700?
True
Is 34376 a multiple of 180?
False
Is 2162564 a multiple of 295?
False
Does 63 divide 227367?
True
Is 18 a factor of 221508?
True
Is 11 a factor of 979598?
False
Does 148 divide 3869164?
True
Is 65 a factor o